vided by 84?
76
Let r(v) = 8*v**2 - 41*v + 237. Calculate the remainder when 358 is divided by r(6).
79
Let j(v) = -11*v + 62. Let y(n) = 58*n - 309. Let s(a) = 11*j(a) + 2*y(a). Calculate the remainder when s(-12) is divided by 21.
19
Let a = -7 - -27. Suppose -838 - 1664 = -18*j. What is the remainder when j is divided by a?
19
Suppose -4*y - 3*d + 0*d + 510 = 0, -3*y + 4*d = -370. Suppose -25*o + 19*o = -y. What is the remainder when o is divided by 2?
1
Let s(r) = 2*r**3 + 77*r**2 + 96*r - 526. Calculate the remainder when 5637 is divided by s(-37).
11
Let s(k) = -3*k - 41. Let l(v) = -14*v - 206. Let q(w) = 3*l(w) - 16*s(w). What is the remainder when 80 is divided by q(-4)?
10
Let o = 42 - -1. Let f = -995 - -468. Let u = f + 549. What is the remainder when o is divided by u?
21
Let s(m) = 15*m**2 - 288*m - 75. What is the remainder when 610 is divided by s(20)?
115
Suppose -48*m + 163 = -2381. Let z = -16 + 8. Let u = 1 - z. Calculate the remainder when m is divided by u.
8
Let w = 5893 + -5843. Calculate the remainder when w is divided by 15.
5
Let d = -3351 + 3835. What is the remainder when d is divided by 97?
96
Let w(m) be the second derivative of 2*m**3/3 - m**2 - m. Let c be w(10). Let v = -29 + c. What is the remainder when v is divided by 7?
2
Suppose -19*k = -9*k - 230. Suppose -k*p = -6*p - 1309. Calculate the remainder when p is divided by 31.
15
Suppose -134*n = -139*n + 310. Calculate the remainder when n is divided by 22.
18
Suppose -120*h + 31155 = -14565. What is the remainder when h is divided by 55?
51
Suppose -30*w + 1770 = -60*w. Let b = w + 62. What is the remainder when 3 is divided by b?
0
Let n = 191 + -51. Calculate the remainder when 1/(1/33) + 3 is divided by (1/2 - -1)/(10/n).
15
Let c be ((-27)/(-6))/((-3)/6). Let n(l) = -2*l - 13. Let i be n(c). Suppose i*u + 67 = 122. What is the remainder when u is divided by 3?
2
Let k = -56 + 99. Let s = 91 - 8. Calculate the remainder when s is divided by k.
40
Suppose -3*l = -6*l + 69. Let s be (6 - (0 - -5)) + 1. Suppose -4*g + 4 = 2*d, 0 = 3*d - 0*g - s*g - 22. Calculate the remainder when l is divided by d.
5
Let h(n) = -n**3 + 4*n**2 + n - 3. Let o be h(4). Let c(i) = 8*i - 28*i - 5 + 17*i + 31*i. Calculate the remainder when 67 is divided by c(o).
21
Let r(m) = m**3 + 23*m**2 + 70*m - 75. What is the remainder when 1498 is divided by r(-17)?
91
Suppose -26 + 32 = 3*d. Let p = 114 - 68. Suppose -4*h + h = 2*v - p, v = d*h - 40. Calculate the remainder when 33 is divided by h.
15
Suppose -152*h = -159*h + 14. Suppose 2*r + 3*c = 45, r + h*c + 19 = 2*r. Let m(l) = -l**2 + 8*l - 3. Calculate the remainder when r is divided by m(5).
9
Suppose 3*u - 4 + 7 = 0. Let k be (6/12)/(u/(-20)). What is the remainder when 22 is divided by ((-14)/k)/(1 - (-6)/(-5))?
1
Let h(o) = -o**2 + 11*o - 14. Let i be h(9). Suppose 5 = s, -i*n + 37 = -0*n + 5*s. Suppose -n*d = -0*d - 9. Calculate the remainder when 9 is divided by d.
0
Suppose 3*t - 259 = z + 450, 0 = -t + 5*z + 255. Suppose 12*r - t = -3*g + 11*r, 4*r + 100 = g. What is the remainder when g is divided by 9?
8
Suppose -4*b + 52 = -0*b. Let g be (-16 - -12) + 14/2. Suppose -g*o - 2*o = -5*k - 120, 2*k = 0. Calculate the remainder when o is divided by b.
11
Suppose 4*j + 38 - 186 = 0. Suppose 0 = -19*s + 767 + 2938. Let z = s + -87. What is the remainder when z is divided by j?
34
Suppose -3*x = 12*x + 2*x - 4284. Calculate the remainder when x is divided by 211.
41
Let a(q) = q**3 + 2*q**2 - 32*q + 66. Calculate the remainder when a(7) is divided by 76.
55
Let c be (-3 + -1 + -1)/2*-2. Suppose c*t + 2*g = 151, t - 5*g = -4*t + 165. Suppose 0 = -2*k + t - 11. Calculate the remainder when 36 is divided by k.
6
Calculate the remainder when 63 is divided by (-60)/35*(-28)/8.
3
Let b be 1 + -1 + (20 - -2). Let q(x) = -2*x**2 + 55*x - 21. Let f be q(27). Suppose 2*l - f = b. What is the remainder when 41 is divided by l?
13
Suppose -5*d + 13 = -4*t, 0 = -5*d - 2*t + 23 + 8. Suppose -26 = -2*l - 3*x, 2*l = -d*x + 29 - 3. Calculate the remainder when 31 is divided by l.
5
Suppose 219*m - 1190 = 202*m. Suppose 3*x - 276 = 27. Let u = x - m. What is the remainder when u is divided by 11?
9
Suppose -17*u = -7321 - 1230. Suppose 29 = -6*m + u. Calculate the remainder when m is divided by 16.
15
Suppose 59*o = 34*o + 6775. What is the remainder when 1889 is divided by o?
263
Let j be 69/(-115)*(1*-6 - -1). Let d(u) = 13*u - 6. Let y = 321 + -190. Calculate the remainder when y is divided by d(j).
32
Calculate the remainder when (-1254)/(-114) + (208 - -1) is divided by 119.
101
Suppose 116*f - 56*f - 416940 = 0. What is the remainder when f is divided by 17?
13
Let r(m) = 9 + 4*m**3 - 3*m**2 + 85*m - 85*m - 3. Let d be r(2). Let k = 42 - d. What is the remainder when 41 is divided by k?
9
Let a = 2793 + -2723. What is the remainder when 95 is divided by a?
25
Let i be -10 + 1008/40 - (-1)/(-5). Suppose i*g - 56 - 34 = 0. Calculate the remainder when 363 is divided by g.
3
Let q(m) = -20*m. Suppose -4*h + 6*h + 3*u = 7, 3*h + 5*u - 12 = 0. What is the remainder when 75 is divided by q(h)?
15
Let v = 480 + -340. Suppose -v = -4*i - 0*i. Suppose 4*b - 46*k + 48*k = 72, -3*k + 89 = 5*b. Calculate the remainder when i is divided by b.
16
Let d = 26 - -129. Suppose 3*r - 134 = -8*g + 4*g, 3*r = 4*g + 118. What is the remainder when d is divided by r?
29
Suppose -w + 5*j = -1, 3*j - 8*j + 29 = 4*w. What is the remainder when 12 is divided by ((-6)/w)/((-3)/6)?
0
Calculate the remainder when 205 is divided by 2/(-4) - ((-22)/2 - 120/80).
1
Suppose 6*z = z + 70. Suppose -2*m + 5*j + 29 = -m, -3*j = 3. Calculate the remainder when m is divided by z.
10
Let p(i) = 8*i**2 + 34*i - 46. What is the remainder when p(-15) is divided by 48?
44
Let u = 95 + -79. Let c = 4877 + -4399. Calculate the remainder when c is divided by u.
14
Suppose 11*v - 42 = -42. Suppose 0 = 3*j + 5*s - 150, -4*j - 6*s + 3*s + 189 = v. Calculate the remainder when j is divided by 41.
4
Let h(w) = -w**2 + 7*w + 11. Let x be h(8). Suppose -19 = -4*l + l + 2*i, -x*i = 5*l. Let o = 24 - l. Calculate the remainder when 39 is divided by o.
18
What is the remainder when 23/1 - (180 + -654) is divided by 98?
7
Let w = -10379 + 10393. Calculate the remainder when 2294 is divided by w.
12
Calculate the remainder when (4941504/161)/4 - (-24)/28 is divided by 307.
306
Let j(x) = -x**3 - 6*x**2 + 2*x + 13. Let h be j(-6). Calculate the remainder when 11 is divided by 14*((-418)/(-266) + h/(-1)).
3
Let s(d) = d**2 + 10*d + 33. Let l be 3/6 + (-3)/(-2). Suppose 0 = l*p + p + 36. What is the remainder when s(p) is divided by 15?
12
Let h = 58 + 27. Let m(f) = -6*f**2 + 29*f + 8. Let j be m(5). Suppose -j*a - s = -26, -2*a - 4*s + 24 = -0*a. What is the remainder when h is divided by a?
5
Let q(g) = 12*g - 11. Let x(f) = f. Let s(b) = -q(b) + 6*x(b). Calculate the remainder when 18 is divided by s(0).
7
Suppose -184 = -3*b + l, -l = -4*b - 2*l + 250. Let v be b*1/(-4)*-2. Suppose -q = 2*c - 51, 3*q = 4*c - 2*c - v. What is the remainder when 43 is divided by c?
20
Let r = -8178 + 8354. Calculate the remainder when r is divided by ((-18)/(-12))/((-2)/(-60)).
41
Let i = -7296 - -8182. What is the remainder when i is divided by 20?
6
Suppose -6*q = -5*s - 11*q + 35, 0 = -3*q. Let g(t) = -t**3 - 8*t**2 - 2*t + 7. Let p be g(-8). Let r = p - s. What is the remainder when 42 is divided by r?
10
Let z(m) = 850*m - 6346. Calculate the remainder when z(10) is divided by 49.
47
Suppose b - 27 = -4*q - 4*b, -8 = -q - b. Suppose 1586 = 9*x + 794. Calculate the remainder when x is divided by q.
10
Suppose -38*t - 855 = -57*t. Suppose -t*l = -4*l - 10250. What is the remainder when l is divided by 23?
20
Let t(p) be the second derivative of -2*p + p**4 + 1/20*p**5 - 7*p**2 - 5/3*p**3 + 0. Calculate the remainder when t(-12) is divided by 27.
25
Suppose 5*z + 4*w - 3772 = -316, 5*w = 4*z - 2814. What is the remainder when z is divided by 60?
36
Suppose -147 = 5*r - u - 759, 0 = -r + 5*u + 132. Calculate the remainder when 189 is divided by r.
67
Suppose 69*k = 67*k + 5*v + 1041, -2*v - 6 = 0. What is the remainder when k is divided by 254?
5
Suppose 214 = 12*a - 1466. Let n = a + -129. Calculate the re